e factors of z(4).
2, 3, 7
Let l(h) = 4*h**3 + 2*h**2 - h - 3. Let t(w) = 6*w - 27. Let q be t(5). Let u be (-1 + -1)/((-2)/q). List the prime factors of l(u).
2, 3, 5
Let v = 448 - 17. Let n = 596 - v. List the prime factors of n.
3, 5, 11
Suppose 3*n + 50 - 1 = z, -3*n = -4*z + 214. Suppose 0 = -3*l + a - 114, -3*a - 38 = 115*l - 114*l. Let v = z + l. List the prime factors of v.
17
Let h(x) = -41*x**2 + 1016*x - 8. List the prime factors of h(10).
2, 17, 89
Let v(i) = i**3 + 8*i**2 + 4*i + 2. Let y = -33 + 25. Let d be v(y). Let b = d - -102. What are the prime factors of b?
2, 3
Let b(m) be the second derivative of m**4/12 - 7*m**3/6 + 21*m**2/2 + 19*m. Let p be b(6). Let a(z) = 3*z + 35. List the prime factors of a(p).
2, 5
Let c(g) = -18*g**3 - 134*g**2 - 2*g + 15. List the prime factors of c(-9).
3, 13, 59
Let v(g) = 4*g - 7. Let p be v(-6). Let w = -25 - p. What are the prime factors of w/(-4) + 2604/24?
107
Let t be (-2)/5 + (-8)/5 + 4. Suppose -5*j + 140 = -5*c, 4*j - t*c + 3*c = 112. Suppose -189 = -j*w + 25*w. List the prime factors of w.
3, 7
Suppose 5*c = 3*q + 282971, -68*c = -69*c - q + 56583. List the prime factors of c.
2, 5, 5659
Let h be (-7 - -1)*((-22)/4)/11. Suppose 2*x - 4*o + 17 = -h*o, o + 32 = -5*x. Let r(c) = -3*c + 22. What are the prime factors of r(x)?
43
Let k(w) = -43*w + 5. Let u be k(0). What are the prime factors of 221/3 - (u - (-171)/(-27))?
3, 5
Let y(x) be the first derivative of 10*x**3/3 - 3*x - 15. Let c be y(3). Suppose -210 = -5*n - 5*z, -5*z + c = 2*n - 2*z. What are the prime factors of n?
3, 13
Let z(h) = -h**2 + 19*h + 13. Let t be z(17). Let b = t + 553. List the prime factors of b.
2, 3, 5
Suppose -3*h + 15 = -36. Suppose h*q - 14*q = 6. List the prime factors of 13/(-13) + 60/q.
29
Suppose -11*t - 240 = -15*t. Let x = 251 - t. What are the prime factors of x?
191
Let h(k) = 5 + 4*k + 4 - 7 + 20. Let n be (3/(-9)*6)/((-4)/(-10)). List the prime factors of h(n).
2
Let q = -11054 - -28247. List the prime factors of q.
3, 11, 521
Suppose -5*n + 23259 = 4*l + 451, 3*n = -5*l + 28523. List the prime factors of l.
13, 439
Suppose 7*n + 2*n + 1350 = 0. Let x = n + 152. What are the prime factors of x?
2
Let f(s) = 14*s + 10. Let n be (-21)/(-6) - (-8 - 68/(-8)). What are the prime factors of f(n)?
2, 13
Let c = -113 + 116. What are the prime factors of -9 + 4 + (590 - 1 - c)?
7, 83
Let i(g) = 40*g**2 - 14*g + 13. List the prime factors of i(-8).
3, 5, 179
Let i(m) = -11*m - 2. Let n be i(-3). Suppose -9*k = 32 + n. What are the prime factors of (-24)/28*(0 + k)?
2, 3
Suppose 3279*m + 13797 = 3288*m. What are the prime factors of m?
3, 7, 73
Let c(d) be the first derivative of d**4/4 - 3*d**2 - 46*d + 26. List the prime factors of c(8).
2, 11, 19
Let u = 80279 + -23352. List the prime factors of u.
13, 29, 151
Let l = 15937 + -13619. List the prime factors of l.
2, 19, 61
Let a = -4 - -13. Let r be 1478/a + (5 - (-141)/(-27)). Suppose -2*m - 3*w = -169, -2*m + 4 = 2*w - r. What are the prime factors of m?
83
Let k = 2029 - -2217. List the prime factors of k.
2, 11, 193
Suppose -601752 = 106*l - 2048546. What are the prime factors of l?
13649
Let g = 14088 + -10064. What are the prime factors of g?
2, 503
Let o(f) = -f**2 - 8*f - 6. Let j be o(-7). Let s be (0 - (1 - j))/(-3). Suppose s = 2*m - 11 - 181. List the prime factors of m.
2, 3
Suppose -13*z + 175 + 176 = 0. Suppose -784 = -29*d + z*d. List the prime factors of d.
2, 7
Let w = 57 + -54. Suppose -6 = 5*y - 4*u - 2, 4*y + w*u - 3 = 0. Let k(a) = 2*a + 130. List the prime factors of k(y).
2, 5, 13
Suppose -5*l + 97 + 103 = 0. Let z = -36 + l. Suppose j + 5*s - 40 - 119 = 0, -4*j + z*s = -588. What are the prime factors of j?
149
Let v(t) = t**2 - 5*t - 45. Let l be v(10). Suppose l*y - 4237 = -1027. List the prime factors of y.
2, 3, 107
Let t = -4 - -5. Suppose 678 - 14 = 8*q. List the prime factors of 3*(-4)/12 - (t - q).
3
Let m = -3622 + 8134. What are the prime factors of m?
2, 3, 47
Let y = -86212 + 124730. List the prime factors of y.
2, 19259
Suppose 0 = -4*n - 4, -6 = -4*u - 3*n + 51. Suppose -5*a - u = 0, 2*p + 0*p - 139 = 5*a. What are the prime factors of p?
2, 31
Suppose 32*a = 5*a + 1152970 - 249064. List the prime factors of a.
2, 19, 881
Let k(p) = p**3 - 16*p**2 + 30*p - 28. Let z be k(14). Suppose z = 7*r - 13*r + 804. List the prime factors of r.
2, 67
Suppose -5*z = 5*g - 206585, -3*z + 78343 + 4296 = 2*g. List the prime factors of g.
2, 1291
Let n(b) = b**3 - b**2 - b - 223. Let t be n(0). Let l be 0 - t - (-3 + 18/3). Let i = l + -99. What are the prime factors of i?
11
Suppose 7*d + 114 = d. What are the prime factors of (-6)/(-5)*d/((-133)/1890)?
2, 3
Suppose -32 = -5*f - 2. Let m(s) = s**3 + 2*s**2 - 4*s - 14. What are the prime factors of m(f)?
2, 5
Let m be 28/(-154) - 9/11. Let p(t) be the second derivative of 41*t**4/12 - t**3/3 - 3*t**2/2 + 13*t. What are the prime factors of p(m)?
2, 5
Suppose -t - 1818 = 769. Let i be t/(-4) - 10/(-40). Suppose -i = -14*g + 2223. What are the prime factors of g?
5, 41
Suppose -378 = -6*u + 114. Suppose u + 247 = j. List the prime factors of j.
7, 47
Let f(y) = y**3 - 15*y**2 + 19*y - 57. Let d be f(6). Let v = -23 - d. List the prime factors of v.
2, 61
Let m(q) be the first derivative of 39*q**4/2 + 2*q**3/3 - 5*q**2/2 + 2*q - 75. What are the prime factors of m(2)?
2, 3, 13
Let b(m) = 4*m**3 + 14*m**2 + 27*m + 2. Let o be b(-8). Let u = -364 - o. What are the prime factors of u?
2, 3, 167
Let z(d) = -d**2 - 10*d + 3. Suppose -4*n - 2*j - 18 = 12, 0 = 3*n - 5*j + 42. Let k be z(n). What are the prime factors of (-642)/(-22) + k/(-66)?
29
Suppose -3 = -z, 24*b - 22*b + 4*z - 216 = 0. List the prime factors of (29 + 1)/(b/5440).
2, 5
Suppose 2*t - 3*t - 19 = 0. Let v = t - -22. Suppose 3*h = 4*g - 335, 15 = -v*h - 0. List the prime factors of g.
2, 5
Let p(o) = -o**3 + 5 + 4*o**2 - 4 - 2*o - 2*o + 6. What are the prime factors of p(-6)?
17, 23
Suppose -5*c - 523 = 212. Let o = 429 - c. What are the prime factors of o?
2, 3
Let y(l) = -3*l**3 - 63*l**2 - 28*l + 27. Let u be y(-25). Suppose 20*v - 5833 = u. What are the prime factors of v?
19, 37
Suppose -21*s - 16 = -13*s. Let p = 3 - 8. What are the prime factors of s/3 - (p - 152/12)?
17
What are the prime factors of ((-2882)/5)/((9 + (-261)/30)/(-27))?
2, 3, 11, 131
List the prime factors of (-1453854)/(-132) + (-88)/1936.
2, 5507
Let a(d) = -d**3 - 6*d**2 + 8*d + 10. Let m be a(-7). Suppose -16*s + 15*s = -m. Suppose -90 = -s*y - 2*y. List the prime factors of y.
2, 3
Suppose 81 = 5*o + 5*q - 59, -q - 164 = -5*o. Suppose -25127 - 6137 = -o*w. What are the prime factors of w?
977
Let g(f) = -f**2 + 20*f + 13. Let z be g(21). List the prime factors of z/(24/(-393)) + -7.
2, 31
Suppose -29*m + 197 - 81 = 0. Suppose -418 = -c - 5*a, -a - 1777 = m*c - 8*c. List the prime factors of c.
443
Let q = -5628 - -25971. List the prime factors of q.
3, 6781
List the prime factors of (-2)/(-6) - (-176011)/33.
2, 3, 7, 127
Let v be (-24568)/(-24) + 4/(-6). List the prime factors of v - 0 - (5 - 6).
2
Let q = -4923 + 13954. What are the prime factors of q?
11, 821
Suppose 19*q - 122557 = 106374. List the prime factors of q.
12049
Suppose 15*q - 25004 + 15237 - 46468 = 0. List the prime factors of q.
23, 163
Let o(t) = -t**2 - 22*t + 32. Suppose x + h = -15, h - 36 = 2*x - 6. List the prime factors of o(x).
137
Let u = -894 + 282. Let i = 1081 + u. List the prime factors of i.
7, 67
Let m(c) = 35*c + 11. Suppose 0 = 5*h + 6*h - 66. List the prime factors of m(h).
13, 17
Let s = 4812 - 2585. Suppose 8*o - 101 = s. List the prime factors of o.
3, 97
Suppose 11*j = 193435 + 121000. What are the prime factors of j?
5, 5717
Suppose 7*l - 9 = 9*l - 3*f, 0 = -4*l + f - 3. Suppose 2*d + 3*x - 305 = -0*x, -3*x + 15 = l. What are the prime factors of d?
5, 29
Suppose -4*s = -s - 12. Suppose s*o + g = -39, -3*o = 2*o - 2*g + 65. Let l(t) = t**3 + 11*t**2 - 6*t - 2. List the prime factors of l(o).
2
List the prime factors of 19/(3344/359248) + 4/(-22).
13, 157
Let n = 57 - 48. Suppose 0 = 4*y + n*y - 3614. What are the prime factors of y?
2, 139
Let c = 90 - 102. What are the prime factors of ((-3)/c)/((-1)/(-1228))?
307
Let x(g) = -88*g + 44. Let q(t) 